{"id":82,"date":"2013-01-04T18:36:47","date_gmt":"2013-01-04T18:36:47","guid":{"rendered":"http:\/\/www.listado.guidoblogs.org\/?page_id=82"},"modified":"2013-01-06T08:15:59","modified_gmt":"2013-01-06T08:15:59","slug":"portal-del-listado-de-blogs-de-guidoblogs","status":"publish","type":"page","link":"https:\/\/www.listado.guidoblogs.org\/?page_id=82","title":{"rendered":"Acerca de&#8230;"},"content":{"rendered":"<p style=\"text-align: justify;\"><strong>GuidoBlogs es un planeta de Blogs.<\/strong>\u00a0\u00bfNo sabes qu\u00e9 es un planeta de Blogs?\u00a0<a href=\"http:\/\/es.wikipedia.org\/wiki\/Planeta_(agregador)\">Por suerte la Wikipedia siempre nos saca de muchos apuros.<\/a><\/p>\n<p style=\"text-align: justify;\">Existen otros planetas de Blogs relacionados con\u00a0<a href=\"http:\/\/www.aulablog.com\/planeta\/\">la educaci\u00f3n<\/a>, e incluso con\u00a0<a href=\"http:\/\/eduplanetamusical.es\/\">la educaci\u00f3n musical<\/a>. Pero GuidoBlogs es el primer planeta de Blogs que se ocupa exclusivamente de los blogs de Profesores de Conservatorios y Escuelas de M\u00fasica.<\/p>\n<p style=\"text-align: justify;\"><strong>\u00bfPor qu\u00e9 es importante GuidoBlogs?<\/strong><\/p>\n<p style=\"text-align: justify;\">Existen muchos blogs de docentes muy bien comunicados entre ellos. Tambi\u00e9n hay bastantes blogs de Profesores de M\u00fasica de colegios e institutos. Pero el caso de los Conservatorios es un tanto especial dentro del panorama educativo. Los blogs que existen parecen peque\u00f1os<em>oasis<\/em>\u00a0en medio de internet: la mayor\u00eda est\u00e1n desconectados entre ellos y el di\u00e1logo no fluye entre sus autores.\u00a0GuidoBlogs quiere atajar ese problema desde la raiz.<\/p>\n<p style=\"text-align: justify;\">Con la\u00a0<strong>creaci\u00f3n de un listado<\/strong>\u00a0lo m\u00e1s exhaustivo posible de todos los blogs gestionados por Profesores de Conservatorios o Escuelas de M\u00fasica se pretenden varias cosas:<\/p>\n<ol>\n<li style=\"text-align: justify;\"><strong>Demostrar<\/strong>\u00a0que los blogs de Profesores de Conservatorio no son un elemento anecd\u00f3tico en internet, existen de muchas tem\u00e1ticas diferentes y son de muy alta calidad.<\/li>\n<li style=\"text-align: justify;\"><strong>Querer<\/strong>\u00a0dinamizar el di\u00e1logo de la blogosfera de Conservatorios para poder compartir experiencias y recursos.<\/li>\n<li style=\"text-align: justify;\"><strong>Crear<\/strong>\u00a0una consciencia colectiva de grupo que disipe toda duda de que los docentes de Conservatorio \u201c<a href=\"http:\/\/www.youtube.com\/watch?v=9u542RlIbek\">pasan<\/a>\u201d de todo y terminar con el t\u00f3pico de que \u201ccada uno va la suya\u201d.<\/li>\n<\/ol>\n<p><strong>\u00bfQu\u00e9 es el Listado GuidoBlogs?<\/strong><\/p>\n<p style=\"text-align: justify;\">Esta p\u00e1gina alberga el nuevo formato de Listado de GuidoBlogs. Aqu\u00ed se encuentran solamente los blogs que est\u00e1n agregados al planeta y se presentan de una forma mucho m\u00e1s amena que con el antiguo listado. Pinchando en HOME en la barra de navegaci\u00f3n superior puedes acceder al listado, y con las opciones de la barra lateral derecha puedes filtrar la b\u00fasqueda de blogs por comunidades aut\u00f3nomas, tipo de autor y especialidades para que encuentres los blogs que m\u00e1s te interesen.<\/p>\n<p style=\"text-align: justify;\">En cada ficha de blog hay una peque\u00f1a imagen con la descripci\u00f3n del blog y enlaces a su web, mail de contacto y RSS, opcionalmente algunos blogs tambi\u00e9n tienen enlaces a su presentaci\u00f3n en GuidoBlogs y perfiles de redes sociales.<\/p>\n<p><strong>Y por \u00faltimo\u2026<\/strong><\/p>\n<p>GuidoBlogs y el Listado est\u00e1n gestionados por\u00a0<a href=\"http:\/\/jlmirall.es\/oysiao\/\">Oysiao<\/a>\u00a0(hasta que pida ayuda a gritos) y para cualquier duda no tem\u00e1is poneros en contacto conmigo\u00a0a trav\u00e9s de:<\/p>\n<p style=\"text-align: center;\"><em>mail\u00a0<\/em>|<strong>\u00a0guidoblogs@gmail.com<\/strong><\/p>\n<p style=\"text-align: center;\"><em>twitter<\/em>\u00a0|\u00a0<strong>@GuidoBlogs<\/strong><\/p>\n<p style=\"text-align: center;\"><em>facebook<\/em>\u00a0|\u00a0<strong>Guido Blogs Profesores Conservatorio<\/strong><\/p>\n<blockquote><p><em>Este es mi regalo de Reyes del <del>2012<\/del> 2013\u00a0para toda la Comunidad Docente de Conservatorios. Espero que os guste, ya que sigo sin tener el ticket de devoluci\u00f3n.<\/em><\/p><\/blockquote>\n<p style=\"text-align: right;\"><strong><em>nunca perdamos la ilusi\u00f3n por mejorar\u2026<\/em><\/strong><\/p>\n","protected":false},"excerpt":{"rendered":"<p>GuidoBlogs es un planeta de Blogs.\u00a0\u00bfNo sabes qu\u00e9 es un planeta de Blogs?\u00a0Por suerte la Wikipedia siempre nos saca de muchos apuros. Existen otros planetas de Blogs relacionados con\u00a0la educaci\u00f3n, e incluso con\u00a0la educaci\u00f3n musical. Pero GuidoBlogs es el primer &hellip; <a href=\"https:\/\/www.listado.guidoblogs.org\/?page_id=82\">Continue reading <span class=\"meta-nav\">&rarr;<\/span><\/a><\/p>\n","protected":false},"author":1,"featured_media":0,"parent":0,"menu_order":0,"comment_status":"open","ping_status":"closed","template":"","meta":{"footnotes":""},"class_list":["post-82","page","type-page","status-publish","hentry"],"jetpack_sharing_enabled":true,"_links":{"self":[{"href":"https:\/\/www.listado.guidoblogs.org\/index.php?rest_route=\/wp\/v2\/pages\/82","targetHints":{"allow":["GET"]}}],"collection":[{"href":"https:\/\/www.listado.guidoblogs.org\/index.php?rest_route=\/wp\/v2\/pages"}],"about":[{"href":"https:\/\/www.listado.guidoblogs.org\/index.php?rest_route=\/wp\/v2\/types\/page"}],"author":[{"embeddable":true,"href":"https:\/\/www.listado.guidoblogs.org\/index.php?rest_route=\/wp\/v2\/users\/1"}],"replies":[{"embeddable":true,"href":"https:\/\/www.listado.guidoblogs.org\/index.php?rest_route=%2Fwp%2Fv2%2Fcomments&post=82"}],"version-history":[{"count":5,"href":"https:\/\/www.listado.guidoblogs.org\/index.php?rest_route=\/wp\/v2\/pages\/82\/revisions"}],"predecessor-version":[{"id":378,"href":"https:\/\/www.listado.guidoblogs.org\/index.php?rest_route=\/wp\/v2\/pages\/82\/revisions\/378"}],"wp:attachment":[{"href":"https:\/\/www.listado.guidoblogs.org\/index.php?rest_route=%2Fwp%2Fv2%2Fmedia&parent=82"}],"curies":[{"name":"wp","href":"https:\/\/api.w.org\/{rel}","templated":true}]}}