{"id":389,"date":"2013-01-06T08:14:17","date_gmt":"2013-01-06T08:14:17","guid":{"rendered":"http:\/\/www.listado.guidoblogs.org\/?page_id=389"},"modified":"2013-01-06T08:14:17","modified_gmt":"2013-01-06T08:14:17","slug":"quiero-aparecer-en-el-listado","status":"publish","type":"page","link":"https:\/\/www.listado.guidoblogs.org\/?page_id=389","title":{"rendered":"Quiero aparecer en el listado"},"content":{"rendered":"<p style=\"text-align: justify;\">Para aparecer en este listado tu blog debe pertenecer al Planeta GuidoBlogs. Puedes hacerlo contestando el formulario que encontrar\u00e1s en la siguiente p\u00e1gina:<\/p>\n<p><a href=\"http:\/\/guidoblogs.org\/?page_id=22\"><\/p>\n<p style=\"text-align: center;\">\n<blockquote class=\"wp-embedded-content\" data-secret=\"qlg7xu58Da\"><p><a href=\"https:\/\/guidoblogs.org\/?page_id=22\">A\u00f1ade tu blog<\/a><\/p><\/blockquote>\n<p><iframe loading=\"lazy\" title=\"\u00abA\u00f1ade tu blog\u00bb \u2014 GuidoBlogs\" class=\"wp-embedded-content\" sandbox=\"allow-scripts\" security=\"restricted\" style=\"position: absolute; clip: rect(1px, 1px, 1px, 1px);\" src=\"https:\/\/guidoblogs.org\/?page_id=22&#038;embed=true#?secret=qlg7xu58Da\" data-secret=\"qlg7xu58Da\" width=\"600\" height=\"338\" frameborder=\"0\" marginwidth=\"0\" marginheight=\"0\" scrolling=\"no\"><\/iframe><\/p>\n<p><\/a><\/p>\n","protected":false},"excerpt":{"rendered":"<p>Para aparecer en este listado tu blog debe pertenecer al Planeta GuidoBlogs. Puedes hacerlo contestando el formulario que encontrar\u00e1s en la siguiente p\u00e1gina: A\u00f1ade tu blog<\/p>\n","protected":false},"author":1,"featured_media":0,"parent":0,"menu_order":0,"comment_status":"open","ping_status":"open","template":"","meta":{"footnotes":""},"class_list":["post-389","page","type-page","status-publish","hentry"],"jetpack_sharing_enabled":true,"_links":{"self":[{"href":"https:\/\/www.listado.guidoblogs.org\/index.php?rest_route=\/wp\/v2\/pages\/389","targetHints":{"allow":["GET"]}}],"collection":[{"href":"https:\/\/www.listado.guidoblogs.org\/index.php?rest_route=\/wp\/v2\/pages"}],"about":[{"href":"https:\/\/www.listado.guidoblogs.org\/index.php?rest_route=\/wp\/v2\/types\/page"}],"author":[{"embeddable":true,"href":"https:\/\/www.listado.guidoblogs.org\/index.php?rest_route=\/wp\/v2\/users\/1"}],"replies":[{"embeddable":true,"href":"https:\/\/www.listado.guidoblogs.org\/index.php?rest_route=%2Fwp%2Fv2%2Fcomments&post=389"}],"version-history":[{"count":2,"href":"https:\/\/www.listado.guidoblogs.org\/index.php?rest_route=\/wp\/v2\/pages\/389\/revisions"}],"predecessor-version":[{"id":391,"href":"https:\/\/www.listado.guidoblogs.org\/index.php?rest_route=\/wp\/v2\/pages\/389\/revisions\/391"}],"wp:attachment":[{"href":"https:\/\/www.listado.guidoblogs.org\/index.php?rest_route=%2Fwp%2Fv2%2Fmedia&parent=389"}],"curies":[{"name":"wp","href":"https:\/\/api.w.org\/{rel}","templated":true}]}}